+ 3*h**2 - 2*h + 1531*h**3 + 5*h. Let p = 3 - 6. Give y(p).
-3
Let c(i) = -i**3 - 22*i**2 - 6. Suppose 3*q - 5*h = -56, 0 = 2*q + 2*h + 29 + 19. Determine c(q).
-6
Let m(v) = v**2 - v - 2. Let y(g) = -16*g - 4. Let d be y(-3). Let b = -47 + d. Calculate m(b).
10
Let t(g) be the first derivative of g**4/4 + 5*g**3/3 + 2*g**2 + 2*g + 12. Let v = 0 + -1. Let w = v - 1. What is t(w)?
6
Let l(f) = 9*f - 7. Let k(x) = -4*x + 3. Let y(o) = -13*k(o) - 6*l(o). Let w(i) = i**2 + 14*i + 12. Let j be w(-13). Let t be j/(-4) - (-26)/(-8). Give y(t).
9
Let r(k) = 3*k**3 - 10*k**2 + 8*k - 2. Let q(j) = -j**3 + j**2 + 1. Let p(h) = 4*q(h) + r(h). Calculate p(-7).
-5
Let t(n) = -5*n**2 - 13*n + 15. Let s(w) = -w**2 - w + 1. Let g(p) = 4*p - 38. Let l be g(11). Let y(d) = l*s(d) - t(d). What is y(6)?
-3
Let f(v) be the first derivative of v**3/3 + 7*v**2/2 - 6*v - 209. What is f(-9)?
12
Let p(q) = 5*q**2 - 8*q + 2. Let g(j) = j**2 - 1. Let y(l) = -4*g(l) + p(l). Let d be y(6). Let a(s) = s**3 + 6*s**2 - 2*s - 8. Determine a(d).
4
Let k(a) = -7*a + 36. Let y be k(4). Suppose -y*o + 6 + 18 = 0. Let m(g) = -g**3 + g**2 + 3*g + 1. Calculate m(o).
-8
Let k(a) be the first derivative of -a**4/4 + 19*a**3/3 - 21*a**2/2 + 38*a - 864. Determine k(18).
-16
Let d(y) = -7*y**2 - 2*y - 12. Let l(p) = 10*p**2 + 3*p + 17. Let b(w) = -7*d(w) - 5*l(w). What is b(-1)?
-1
Let x(s) be the first derivative of 3*s - 2/3*s**3 + 3/2*s**2 - 6. Let l(q) = q**2 + q - 3. Let m be l(-3). Give x(m).
-6
Let z(v) = v**2 + 3*v - 4. Let m(c) = -c - 12 + 0*c + 21. Let f be m(-8). Let i = 13 - f. Determine z(i).
0
Suppose 0 = 4*g - 15 - 13. Let f(s) = -s**2 + s - 1. Let k be (-6)/14 + 10/7. Let y(h) = -7*h**2 + 13*h - 7. Let o(a) = k*y(a) - 6*f(a). Determine o(g).
-1
Let b(w) be the third derivative of -3*w**4/8 - 4*w**3/3 + 115*w**2 + 3*w. Determine b(2).
-26
Let l(f) = -2*f**3 + 2*f**2 + f - 7. Let g = 1040 - 1037. Calculate l(g).
-40
Let x = -132 - -130. Let q(i) = i**2 - i - 2. What is q(x)?
4
Let g(f) = -f**3 - 16*f**2 - 16*f + 1. Let c be g(-15). Let s = c - 16. Suppose -a - 19 = -0*b - 3*b, s = -3*b - 5*a + 13. Let l(n) = 2*n - 4. Calculate l(b).
8
Let u(q) = -q + 7. Suppose -4*t = 3*d + 14, -d = -2*t - 4 - 8. Suppose -h = -2*c + d - 0, -4*c + 2 = -h. Suppose c = -3*z + 10 + 5. Determine u(z).
2
Let c(h) = -h**3 - 6*h**2 + 9*h + 7. Let b be -1*(-4)/12*9*-7. Suppose 5*m = 2*m - 42. Let o = b - m. Calculate c(o).
-7
Let l(y) = -2*y**3 + 4*y**2 + y. Let q(w) = w**3 - w**2 - w. Let j(o) = l(o) + 3*q(o). Give j(-2).
0
Let a = -2 - -2. Let z(p) be the second derivative of -p**3/6 + 3*p**2 - 105*p - 2. Determine z(a).
6
Suppose -78 = -4*b - 22. Suppose b = 4*p + 3*p. Let f(n) = n - p*n + 15*n - 8*n - 1. Give f(-1).
-7
Let j(o) = -3*o**2 + 2. Let b(l) = l**3 + 14*l**2 + l - 1. Let s be b(0). Give j(s).
-1
Let m(a) = 23*a**3 - a**2 - 2*a + 16. Let k(d) = d**3 - d + 4. Let s(y) = 4*k(y) - m(y). What is s(1)?
-20
Suppose 0 = 3*h + 4*v - 29, h - 5*v = -h - 19. Let s(j) = 15*j + 9*j + j**2 - 10*j**h - 25*j + 1. Determine s(1).
-9
Suppose -5*z = -0*z - 4*z. Let g(x) = -350 + z*x + 6*x + 350. Determine g(-1).
-6
Let z(c) = 4*c. Suppose 6*o + 8 = 10*o. Let a be -1 - 0 - (-10)/o. Determine z(a).
16
Let d(f) = -f**3 + 2*f**2 - f + 1. Let y(s) = s**3 - s**2 + s - 1. Let i(o) = 6*d(o) + 5*y(o). Give i(7).
-6
Let h(m) = 5*m + 224. Let n be h(0). Let w(q) = n + 224 - 2*q - 448. Calculate w(3).
-6
Let v(l) = l - 7. Let a(x) be the second derivative of -x**5/20 - x**4/4 + 3*x. Suppose 8 = -5*z - 7. Let t be a(z). Calculate v(t).
-7
Let t = 2061 + -2069. Let f(c) = 4*c + 29. What is f(t)?
-3
Let a be (-8)/20*140/(-4). Suppose -46 = -2*j + 5*u, 5*j - 3*j = -3*u + a. Let v(t) = 6*t + 8*t - t**2 - j*t + 1. Determine v(2).
-1
Let s(g) = 6 + 268*g**3 + 5 + 2*g + 10*g**2 - 267*g**3. Let b = 26 - 36. Calculate s(b).
-9
Let d be (-10)/(80/28)*36/21. Let u(w) = -w**3 - 6*w**2 - 3*w + 3. What is u(d)?
21
Suppose -5*o - 16 = -3*o. Let u = o + 2. Let z(f) = 7*f**3 - f**2 + 5. Let s(l) = -l**3 - l**2 + l - 1. Let i(y) = u*s(y) - z(y). Calculate i(6).
1
Let t be 24/48 + 3/2. Let c(u) = u + 2 - u - 4*u**2. Determine c(t).
-14
Let s(h) = h - 6. Let j be -9*(-2)/(6/3). Suppose -8*p = -j*p + 9. Let k = p - 9. Determine s(k).
-6
Let d = 1 + -1. Let k(s) = -3*s + s**2 + 1 + 2*s + d*s - 5*s. Let n be -1*4*3/(-2). Determine k(n).
1
Let y(c) = -12*c - 4*c + 5 - 11 + 5. Determine y(-1).
15
Let x(s) = 2*s + s + s + 1. Let y = -26 + 31. Determine x(y).
21
Let z = 461 - 472. Let d(m) = -m**3 - 11*m**2 - 3*m - 13. Calculate d(z).
20
Let g(x) = x**2 + 10*x - 6. Suppose -2*v = -2399 + 2421. Calculate g(v).
5
Let g(z) = 6*z + 4. Let w = 58 + -58. Suppose 5*x + 5*s - 10 = w, x = -0*x - 4*s + 17. Give g(x).
-14
Let v(r) = -7*r - 1. Let t(o) = 6*o + 1. Let n(j) = -6*t(j) - 5*v(j). Let x(p) = -122*p**3 - 10*p**2 + 121*p**3 + 21*p + 26 - 7*p. Let c be x(-11). Give n(c).
6
Let w(x) be the first derivative of 17 - 3/2*x**2 + 1/4*x**4 + 5*x + 5/3*x**3. Give w(-5).
20
Let t be (8/6)/2*6. Let z = t - 2. Let h(p) = p. Let l(i) = -5*i + 3. Let r(j) = -h(j) + l(j). Calculate r(z).
-9
Let a(b) = -74*b**3 + 3*b**2 - 4*b + 2. Let w be a(1). Let x = w + 71. Let c(d) = -2*d**3 - 2*d**2 - 2*d + 2. Give c(x).
14
Let l(s) = -s - 18. Let d(o) = -2*o - 37. Let j(v) = 4*d(v) - 9*l(v). Give j(0).
14
Let x(u) be the second derivative of -u**8/6720 - u**7/630 - u**6/180 - u**5/60 - u**4/2 + 12*u. Let h(q) be the third derivative of x(q). Calculate h(-2).
-2
Let q(g) = g - 7. Let t = 109 + -104. Determine q(t).
-2
Let x(s) be the third derivative of s**5/60 + 5*s**4/24 + s**3/2 - 2*s**2. Let j = -2 - 5. Let p = j - -4. What is x(p)?
-3
Let w(h) = h**2 + 6. Let v = 11 - 3. Suppose 2*o - 6*o = -v. Suppose -2*q = -b + 2, -4*q - b = -2*b + o. Determine w(q).
6
Let w(r) be the second derivative of r**5/10 + r**4/6 + r**3/3 + r**2/2 - 5*r. Let j(f) = -2*f - 12. Let h be j(-8). Suppose 0 = -4*y - h - 0. Calculate w(y).
-1
Let x be 2/(22/6 + -3). Suppose -x*f = -w + 6, -4*f + 5 = -w + 12. Let g(n) = -n**3 + 5*n**2 - 3*n - 3. Calculate g(w).
6
Let v(d) = -6*d + 253. Let y be v(42). Let c(f) be the first derivative of 4 - 5 - f**2 - f**2. Give c(y).
-4
Let k(t) be the second derivative of -t**5/20 - 3*t**4/4 - 3*t**3/2 + 9*t**2/2 - 8*t. What is k(-8)?
17
Let r be (1/(-2))/((-2)/(-92))*3. Let y = 67 + r. Let i(u) = -u**3 - 3*u**2 - u. Give i(y).
-2
Let q(n) = -n**3 + 7*n**2 + 7*n - 5. Let x(m) = -m**2 + 16. Let u be x(0). Suppose -2*w + u - 5 = t, -5*t - 65 = -5*w. Give q(w).
-13
Let u(c) be the second derivative of -c**3/6 + 9*c + 3. What is u(2)?
-2
Let p(d) = -d**2 + 1. Suppose -j + 6 = 4. Let b(a) = -a**2 + 3*a - 2. Let f be b(j). Suppose 5*x - x + 4 = f. Determine p(x).
0
Let p(r) be the second derivative of r**4/12 - 11*r**3/6 + 4*r**2 - 720*r. Let t(d) = 8*d. Let h be t(1). What is p(h)?
-16
Let o(t) = 3*t**2 - t + 1. Let y(w) = 3*w**2 - w + 1. Let i(h) = 5*o(h) - 4*y(h). Let b = -47 + 48. Determine i(b).
3
Suppose 3*l + 90 = -2*l + k, 54 = -3*l - 2*k. Let i = l - -20. Let s(b) = -6*b - 1 + 23*b**2 - b**3 + 26*b**i - 42*b**2. Calculate s(6).
-1
Let l(q) be the third derivative of 5*q**2 + 7/6*q**3 + 0*q + 0 + 1/12*q**5 - 1/120*q**6 + 0*q**4. Give l(5).
7
Suppose -4*z + 15 = 5*v - 32, 27 = 3*v + 2*z. Let h(a) = 11*a**2 - 3. Let k(y) = 2*y**2 - y. Let t(w) = -h(w) + 6*k(w). Determine t(v).
10
Let w be (-5 - (-115)/15)*15/4. Let p(f) = -f**3 + 11*f**2 - 12*f - 4. Give p(w).
-24
Let h(c) = 3*c - 15. Suppose 27 = 958*f - 949*f. What is h(f)?
-6
Let k(s) = -37*s - 3 + 16*s + 1 - 4 + 24*s. Give k(5).
9
Let i(j) be the third derivative of -j**6/120 - 3*j**5/20 + 5*j**4/12 - 2*j**3/3 + 14*j**2. Let k be i(-10). Let f(s) = s**3 + 3*s**2 - 5*s - 2. What is f(k)?
2
Let v(d) = -d + 12. Suppose -4*c - 8 = -4*b, 24 = 5*b + 4. Suppose c*z + 28 = 42. Determine v(z).
5
Let n(d) = -4*d**2 - 3*d + 1. Let q(t) = -7*t**2 - 3*t + 1. Let y(o) = 3*n(o) - 2*q(o). Calculate y(4).
21
Let u(h) = -h - 6. Let b(x) = x + 13. Let v(k) = -5*b(k) - 4*u(k). What is v(0)?
-41
Let r(d) = -11*d**2 - d + 15. Let u(p) = -4*p**2 + 5. Let i(x) = 3*r(x) - 8*u(x). Determine i(-6).
-13
Let i(h) = -h**3 + 5*h**2 + h + 6. Suppose -7*l + 20 = 6. Suppose -4*v - 2*c + 34 = 0, 3*v - 28 = -l*c - 0*c. Give i(v).
-24
Let m(w